{"id":2,"date":"2020-05-13T07:44:39","date_gmt":"2020-05-13T07:44:39","guid":{"rendered":"http:\/\/jystienda.com\/?page_id=2"},"modified":"2023-01-19T10:48:29","modified_gmt":"2023-01-19T15:48:29","slug":"home","status":"publish","type":"page","link":"https:\/\/www.fuerzayfigura.com\/poleart\/","title":{"rendered":"Inicio"},"content":{"rendered":"<p>[vc_row full_width=&#8221;stretch_row_content_no_spaces&#8221; css=&#8221;.vc_custom_1673965925739{margin-top: -20px !important;}&#8221;][vc_column]\n<div id=\"rev_slider_1_1_wrapper\" class=\"rev_slider_wrapper fullwidthbanner-container\" data-source=\"gallery\" style=\"margin:0px auto;background:transparent;padding:0px;margin-top:0px;margin-bottom:0px;\">\n<!-- START REVOLUTION SLIDER 5.4.8.3 auto mode -->\n\t<div id=\"rev_slider_1_1\" class=\"rev_slider fullwidthabanner\" style=\"display:none;\" data-version=\"5.4.8.3\">\n<ul>\t<!-- SLIDE  -->\n\t<li data-index=\"rs-1\" data-transition=\"fade\" data-slotamount=\"default\" data-hideafterloop=\"0\" data-hideslideonmobile=\"off\"  data-easein=\"default\" data-easeout=\"default\" data-masterspeed=\"300\"  data-rotate=\"0\"  data-saveperformance=\"off\"  data-title=\"Slide\" data-param1=\"\" data-param2=\"\" data-param3=\"\" data-param4=\"\" data-param5=\"\" data-param6=\"\" data-param7=\"\" data-param8=\"\" data-param9=\"\" data-param10=\"\" data-description=\"\">\n\t\t<!-- MAIN IMAGE -->\n\t\t<img loading=\"lazy\" decoding=\"async\" src=\"https:\/\/www.fuerzayfigura.com\/poleart\/wp-content\/uploads\/2023\/01\/pole.jpg\"  alt=\"\" title=\"pole\"  width=\"1600\" height=\"600\" data-bgposition=\"center center\" data-bgfit=\"cover\" data-bgrepeat=\"no-repeat\" class=\"rev-slidebg\" data-no-retina>\n\t\t<!-- LAYERS -->\n\t<\/li>\n<\/ul>\n<div class=\"tp-bannertimer tp-bottom\" style=\"visibility: hidden !important;\"><\/div>\t<\/div>\n<script>var htmlDiv = document.getElementById(\"rs-plugin-settings-inline-css\"); var htmlDivCss=\"\";\r\n\t\t\t\tif(htmlDiv) {\r\n\t\t\t\t\thtmlDiv.innerHTML = htmlDiv.innerHTML + htmlDivCss;\r\n\t\t\t\t}else{\r\n\t\t\t\t\tvar htmlDiv = document.createElement(\"div\");\r\n\t\t\t\t\thtmlDiv.innerHTML = \"<style>\" + htmlDivCss + \"<\/style>\";\r\n\t\t\t\t\tdocument.getElementsByTagName(\"head\")[0].appendChild(htmlDiv.childNodes[0]);\r\n\t\t\t\t}\r\n\t\t\t<\/script>\n\t\t<script type=\"text\/javascript\">\r\nif (setREVStartSize!==undefined) setREVStartSize(\r\n\t{c: '#rev_slider_1_1', responsiveLevels: [1240,1240,1240,480], gridwidth: [1920,1920,1920,480], gridheight: [650,650,650,280], sliderLayout: 'auto'});\r\n\t\t\t\r\nvar revapi1,\r\n\ttpj;\t\r\n(function() {\t\t\t\r\n\tif (!\/loaded|interactive|complete\/.test(document.readyState)) document.addEventListener(\"DOMContentLoaded\",onLoad); else onLoad();\t\r\n\tfunction onLoad() {\t\t\t\t\r\n\t\tif (tpj===undefined) { tpj = jQuery; if(\"off\" == \"on\") tpj.noConflict();}\r\n\tif(tpj(\"#rev_slider_1_1\").revolution == undefined){\n\t\trevslider_showDoubleJqueryError(\"#rev_slider_1_1\");\n\t}else{\n\t\trevapi1 = tpj(\"#rev_slider_1_1\").show().revolution({\n\t\t\tsliderType:\"standard\",\n\t\t\tjsFileLocation:\"\/\/www.fuerzayfigura.com\/poleart\/wp-content\/plugins\/revslider\/public\/assets\/js\/\",\n\t\t\tsliderLayout:\"auto\",\n\t\t\tdottedOverlay:\"none\",\n\t\t\tdelay:9000,\n\t\t\tnavigation: {\n\t\t\t\tonHoverStop:\"off\",\n\t\t\t},\n\t\t\tresponsiveLevels:[1240,1240,1240,480],\n\t\t\tvisibilityLevels:[1240,1240,1240,480],\n\t\t\tgridwidth:[1920,1920,1920,480],\n\t\t\tgridheight:[650,650,650,280],\n\t\t\tlazyType:\"none\",\n\t\t\tshadow:0,\n\t\t\tspinner:\"spinner0\",\n\t\t\tstopLoop:\"off\",\n\t\t\tstopAfterLoops:-1,\n\t\t\tstopAtSlide:-1,\n\t\t\tshuffle:\"off\",\n\t\t\tautoHeight:\"off\",\n\t\t\tdisableProgressBar:\"on\",\n\t\t\thideThumbsOnMobile:\"off\",\n\t\t\thideSliderAtLimit:0,\n\t\t\thideCaptionAtLimit:0,\n\t\t\thideAllCaptionAtLilmit:0,\n\t\t\tdebugMode:false,\n\t\t\tfallbacks: {\n\t\t\t\tsimplifyAll:\"off\",\n\t\t\t\tnextSlideOnWindowFocus:\"off\",\n\t\t\t\tdisableFocusListener:false,\n\t\t\t}\n\t\t});\n\t}; \/* END OF revapi call *\/\n\t\n }; \/* END OF ON LOAD FUNCTION *\/\r\n}()); \/* END OF WRAPPING FUNCTION *\/\r\n<\/script>\r\n\t\t<\/div><!-- END REVOLUTION SLIDER -->[\/vc_column][\/vc_row][vc_row content_placement=&#8221;middle&#8221; css=&#8221;.vc_custom_1674065588645{padding-top: 80px !important;padding-bottom: 40px !important;}&#8221;][vc_column][vc_row_inner content_placement=&#8221;middle&#8221;][vc_column_inner width=&#8221;2\/3&#8243;][vc_custom_heading text=&#8221;Campeonato Internacional&#8221; font_container=&#8221;tag:h2|font_size:2.125rem|text_align:left|line_height:1&#8243; use_theme_fonts=&#8221;yes&#8221; el_class=&#8221;mb-2&#8243;][vc_custom_heading text=&#8221;Pole Art Colombia&#8221; font_container=&#8221;tag:h5|font_size:1rem|text_align:left|color:%23777777|line_height:1.2&#8243; use_theme_fonts=&#8221;yes&#8221; font_weight=&#8221;300&#8243; letter_spacing=&#8221;-.025em&#8221; el_class=&#8221;m-b-md pb-4&#8243; css=&#8221;.vc_custom_1674142199725{border-bottom-width: 1px !important;border-bottom-color: #e7e7e7 !important;border-bottom-style: solid !important;}&#8221;][vc_column_text]<\/p>\n<p style=\"font-size: 11pt; text-align: justify; color: #606060;\">Pole Art Colombia es un Campeonato Internacional fundado con el objetivo de difundir la creaci\u00f3n art\u00edstica y fomentar la participaci\u00f3n, formaci\u00f3n y reconocimiento de artistas y atletas de Pole, proporcionando un ambiente competitivo y de interacci\u00f3n en disciplinas como son el pole dance y el pole sport, con artes como la danza y la performance. A fin de la expansi\u00f3n de la disciplina en el \u00e1mbito art\u00edstico y deportivo nacional e internacional.<\/p>\n<p>[\/vc_column_text][vc_btn title=&#8221;Cont\u00e1ctenos&#8221; style=&#8221;flat&#8221; color=&#8221;primary&#8221; size=&#8221;xl&#8221; i_align=&#8221;right&#8221; i_type=&#8221;openiconic&#8221; i_icon_openiconic=&#8221;vc-oi vc-oi-plus&#8221; add_icon=&#8221;true&#8221; link=&#8221;url:https%3A%2F%2Fwww.fuerzayfigura.com%2Fnueva%2Fquienes-somos%2F|title:conocer%20m%C3%A1s&#8221;][\/vc_column_inner][vc_column_inner width=&#8221;1\/3&#8243;][vc_single_image image=&#8221;4900&#8243; img_size=&#8221;full&#8221; alignment=&#8221;center&#8221;][\/vc_column_inner][\/vc_row_inner][\/vc_column][\/vc_row][vc_row full_width=&#8221;stretch_row_content_no_spaces&#8221; el_class=&#8221;seo-block-home text-center color-white&#8221;][vc_column][vc_column_text css=&#8221;.vc_custom_1674143307716{padding-bottom: 20px !important;}&#8221;]<\/p>\n<h1 class=\"text-bolder\" style=\"font-size: 40px; font-family: 'Poppins'; letter-spacing: 0; color: #fff; margin-bottom: 10px; font-style: normal;\">Pole Art Colombia<\/h1>\n<p class=\"text-bold text-lg\" style=\"margin-bottom: -30px; font-size: 12pt !important;\">Competidores nacionales e internacionales y algunos invitados extranjeros.<\/p>\n<p>[\/vc_column_text][vc_btn title=&#8221;Cont\u00e1ctenos&#8221; style=&#8221;flat&#8221; color=&#8221;primary&#8221; size=&#8221;xl&#8221; align=&#8221;center&#8221; i_align=&#8221;right&#8221; i_type=&#8221;openiconic&#8221; i_icon_openiconic=&#8221;vc-oi vc-oi-plus&#8221; add_icon=&#8221;true&#8221; link=&#8221;url:https%3A%2F%2Fapi.whatsapp.com%2Fsend%2F%3Fphone%3D573108945660%26text%26type%3Dphone_number%26app_absent%3D0|title:contacto|target:_blank&#8221;][\/vc_column][\/vc_row][vc_row content_placement=&#8221;middle&#8221; css=&#8221;.vc_custom_1674065588645{padding-top: 80px !important;padding-bottom: 40px !important;}&#8221;][vc_column][vc_row_inner content_placement=&#8221;middle&#8221;][vc_column_inner width=&#8221;1\/3&#8243;][vc_single_image image=&#8221;4904&#8243; img_size=&#8221;full&#8221; alignment=&#8221;center&#8221;][\/vc_column_inner][vc_column_inner width=&#8221;2\/3&#8243;][vc_custom_heading text=&#8221;Misi\u00f3n&#8221; font_container=&#8221;tag:h2|font_size:2.125rem|text_align:left|line_height:1&#8243; use_theme_fonts=&#8221;yes&#8221; el_class=&#8221;mb-2&#8243;][vc_custom_heading text=&#8221;Pole Art Colombia&#8221; font_container=&#8221;tag:h5|font_size:1rem|text_align:left|color:%23777777|line_height:1.2&#8243; use_theme_fonts=&#8221;yes&#8221; font_weight=&#8221;300&#8243; letter_spacing=&#8221;-.025em&#8221; el_class=&#8221;m-b-md pb-4&#8243; css=&#8221;.vc_custom_1674142199725{border-bottom-width: 1px !important;border-bottom-color: #e7e7e7 !important;border-bottom-style: solid !important;}&#8221;][vc_column_text]<\/p>\n<p style=\"font-size: 11pt; text-align: justify; color: #606060;\">Promover un ambiente competitivo para el desarrollo y fortalecimiento del Pole dance y el pole sport, donde lo deportivo, la danza y el arte se conjuguen; brindando a los futuros talentos un espacio de formaci\u00f3n t\u00e9cnica y pedag\u00f3gica necesaria para lograr altos resultados competitivos que le permita a los deportistas integrarse en mundo del pole art internacionalmente, representando a sus pa\u00edses con valores \u00e9ticos y profesionales.<\/p>\n<p>[\/vc_column_text][vc_custom_heading text=&#8221;Visi\u00f3n&#8221; font_container=&#8221;tag:h2|font_size:2.125rem|text_align:left|line_height:1&#8243; use_theme_fonts=&#8221;yes&#8221; el_class=&#8221;mb-2&#8243;][vc_column_text]<\/p>\n<p style=\"font-size: 11pt; text-align: justify; color: #606060;\">Ser la competencia internacional l\u00edder en la representaci\u00f3n de la actividad del Pole Art, buscando otorgar los mejores resultados deportivos al pa\u00eds y al mundo, a trav\u00e9s de la formaci\u00f3n integral de sus atletas y el logro de los m\u00e1s altos niveles competitivos.<\/p>\n<p>[\/vc_column_text][\/vc_column_inner][\/vc_row_inner][\/vc_column][\/vc_row]<\/p>\n","protected":false},"excerpt":{"rendered":"<p>[vc_row full_width=&#8221;stretch_row_content_no_spaces&#8221; css=&#8221;.vc_custom_1673965925739{margin-top: -20px !important;}&#8221;][vc_column][\/vc_column][\/vc_row][vc_row content_placement=&#8221;middle&#8221; css=&#8221;.vc_custom_1674065588645{padding-top: 80px !important;padding-bottom: 40px !important;}&#8221;][vc_column][vc_row_inner content_placement=&#8221;middle&#8221;][vc_column_inner width=&#8221;2\/3&#8243;][vc_custom_heading text=&#8221;Campeonato Internacional&#8221; font_container=&#8221;tag:h2|font_size:2.125rem|text_align:left|line_height:1&#8243; use_theme_fonts=&#8221;yes&#8221; el_class=&#8221;mb-2&#8243;][vc_custom_heading text=&#8221;Pole Art Colombia&#8221; font_container=&#8221;tag:h5|font_size:1rem|text_align:left|color:%23777777|line_height:1.2&#8243; use_theme_fonts=&#8221;yes&#8221; font_weight=&#8221;300&#8243; letter_spacing=&#8221;-.025em&#8221; el_class=&#8221;m-b-md pb-4&#8243; css=&#8221;.vc_custom_1674142199725{border-bottom-width: 1px !important;border-bottom-color: #e7e7e7 !important;border-bottom-style: solid !important;}&#8221;][vc_column_text] Pole Art Colombia es un Campeonato Internacional fundado con el objetivo de difundir la creaci\u00f3n art\u00edstica y fomentar la participaci\u00f3n, formaci\u00f3n [&hellip;]<\/p>\n","protected":false},"author":1,"featured_media":0,"parent":0,"menu_order":0,"comment_status":"closed","ping_status":"closed","template":"","meta":{"_joinchat":[],"footnotes":""},"class_list":["post-2","page","type-page","status-publish","hentry"],"_links":{"self":[{"href":"https:\/\/www.fuerzayfigura.com\/poleart\/wp-json\/wp\/v2\/pages\/2","targetHints":{"allow":["GET"]}}],"collection":[{"href":"https:\/\/www.fuerzayfigura.com\/poleart\/wp-json\/wp\/v2\/pages"}],"about":[{"href":"https:\/\/www.fuerzayfigura.com\/poleart\/wp-json\/wp\/v2\/types\/page"}],"author":[{"embeddable":true,"href":"https:\/\/www.fuerzayfigura.com\/poleart\/wp-json\/wp\/v2\/users\/1"}],"replies":[{"embeddable":true,"href":"https:\/\/www.fuerzayfigura.com\/poleart\/wp-json\/wp\/v2\/comments?post=2"}],"version-history":[{"count":110,"href":"https:\/\/www.fuerzayfigura.com\/poleart\/wp-json\/wp\/v2\/pages\/2\/revisions"}],"predecessor-version":[{"id":4915,"href":"https:\/\/www.fuerzayfigura.com\/poleart\/wp-json\/wp\/v2\/pages\/2\/revisions\/4915"}],"wp:attachment":[{"href":"https:\/\/www.fuerzayfigura.com\/poleart\/wp-json\/wp\/v2\/media?parent=2"}],"curies":[{"name":"wp","href":"https:\/\/api.w.org\/{rel}","templated":true}]}}